 factor of 378?
True
Does 17 divide 15461?
False
Is 33450 a multiple of 30?
True
Is 1698 a multiple of 6?
True
Does 11 divide 17749?
False
Is 15 a factor of 1421?
False
Does 18 divide 450?
True
Is 6875 a multiple of 5?
True
Is 2683 a multiple of 110?
False
Does 35 divide 169?
False
Is 8 a factor of 209?
False
Does 11 divide 264?
True
Is 996 a multiple of 83?
True
Is 9 a factor of 8010?
True
Is 1739 a multiple of 37?
True
Is 832 a multiple of 8?
True
Is 42 a factor of 25460?
False
Is 255 a multiple of 15?
True
Does 18 divide 1192?
False
Does 27 divide 18846?
True
Is 22 a factor of 69?
False
Does 27 divide 11527?
False
Is 58 a factor of 3654?
True
Does 18 divide 186?
False
Is 48 a factor of 816?
True
Does 120 divide 14640?
True
Is 32336 a multiple of 12?
False
Is 8968 a multiple of 152?
True
Is 8 a factor of 200?
True
Does 2 divide 1492?
True
Does 3 divide 15?
True
Does 18 divide 14605?
False
Does 17 divide 457?
False
Is 1676 a multiple of 23?
False
Is 16 a factor of 781?
False
Is 2005 a multiple of 4?
False
Is 73 a factor of 2712?
False
Is 63816 a multiple of 19?
False
Is 25 a factor of 1919?
False
Does 5 divide 6?
False
Is 24 a factor of 168?
True
Is 96 a factor of 12576?
True
Is 7984 a multiple of 9?
False
Is 666 a multiple of 9?
True
Is 2 a factor of 885?
False
Is 91 a multiple of 16?
False
Is 19 a factor of 1824?
True
Is 276 a multiple of 69?
True
Does 96 divide 301?
False
Does 8 divide 1101?
False
Is 22386 a multiple of 182?
True
Is 1185 a multiple of 15?
True
Is 12542 a multiple of 4?
False
Is 8 a factor of 370?
False
Is 19 a factor of 447?
False
Does 116 divide 36656?
True
Is 17 a factor of 7502?
False
Is 544 a multiple of 32?
True
Is 4588 a multiple of 18?
False
Does 7 divide 385?
True
Is 13 a factor of 260?
True
Is 630 a multiple of 15?
True
Is 21 a factor of 294?
True
Is 7 a factor of 99?
False
Is 16 a factor of 1312?
True
Is 70 a factor of 12250?
True
Is 18566 a multiple of 8?
False
Is 33 a factor of 17550?
False
Is 40749 a multiple of 43?
False
Does 112 divide 49056?
True
Is 82 a factor of 31694?
False
Is 35 a factor of 8217?
False
Does 6 divide 320?
False
Does 5 divide 1465?
True
Is 69 a factor of 42987?
True
Is 16645 a multiple of 31?
False
Does 30 divide 2344?
False
Is 4 a factor of 3820?
True
Is 22519 a multiple of 11?
False
Is 1048 a multiple of 39?
False
Is 446 a multiple of 29?
False
Is 4334 a multiple of 53?
False
Is 38 a factor of 9234?
True
Is 1258 a multiple of 17?
True
Is 16 a factor of 5312?
True
Is 13 a factor of 40911?
True
Is 8 a factor of 1035?
False
Is 8 a factor of 408?
True
Is 15 a factor of 407?
False
Is 720 a multiple of 15?
True
Does 21 divide 488?
False
Is 15 a factor of 1949?
False
Is 29 a factor of 8729?
True
Is 17914 a multiple of 13?
True
Does 51 divide 564?
False
Is 545 a multiple of 10?
False
Is 2944 a multiple of 5?
False
Is 256 a factor of 14592?
True
Does 4 divide 512?
True
Is 52 a factor of 64064?
True
Is 223 a multiple of 4?
False
Does 26 divide 11752?
True
Is 14 a factor of 19410?
False
Is 9 a factor of 3261?
False
Is 84 a factor of 1176?
True
Does 17 divide 1665?
False
Does 50 divide 1100?
True
Is 61 a factor of 2118?
False
Does 56 divide 17528?
True
Does 12 divide 11530?
False
Is 71 a factor of 45440?
True
Does 22 divide 14042?
False
Is 58 a factor of 3480?
True
Is 1637 a multiple of 3?
False
Is 8 a factor of 7320?
True
Does 16 divide 32128?
True
Is 1149 a multiple of 52?
False
Does 6 divide 389?
False
Does 36 divide 67838?
False
Does 43 divide 2698?
False
Does 14 divide 9463?
False
Is 18040 a multiple of 169?
False
Is 6 a factor of 421?
False
Is 38 a factor of 1331?
False
Is 37057 a multiple of 141?
False
Is 43 a factor of 10621?
True
Is 5850 a multiple of 176?
False
Is 1578 a multiple of 68?
False
Does 4 divide 1376?
True
Is 41 a factor of 492?
True
Is 134 a factor of 196?
False
Is 139 a multiple of 11?
False
Is 26 a factor of 104?
True
Is 24 a factor of 7320?
True
Is 2574 a multiple of 13?
True
Does 13 divide 1014?
True
Is 493 a multiple of 9?
False
Is 700 a multiple of 28?
True
Does 6 divide 9538?
False
Is 21 a factor of 27909?
True
Does 12 divide 1236?
True
Does 17 divide 7106?
True
Is 61 a factor of 20021?
False
Does 46 divide 2128?
False
Is 83 a factor of 34743?
False
Is 105 a multiple of 5?
True
Is 58 a factor of 1109?
False
Is 17 a factor of 5338?
True
Is 749 a multiple of 7?
True
Is 17618 a multiple of 46?
True
Is 4704 a multiple of 28?
True
Does 2 divide 43?
False
Is 45 a factor of 1035?
True
Is 15 a factor of 26588?
False
Is 11 a factor of 2262?
False
Is 52 a factor of 1753?
False
Does 50 divide 453?
False
Does 262 divide 31702?
True
Is 81 a factor of 18468?
True
Is 41613 a multiple of 291?
True
Is 11847 a multiple of 9?
False
Is 1617 a multiple of 33?
True
Does 3 divide 22?
False
Is 9603 a multiple of 99?
True
Is 17 a factor of 9609?
False
Is 9 a factor of 444?
False
Is 8 a factor of 6516?
False
Is 9 a factor of 10899?
True
Does 4 divide 72?
True
Is 887 a multiple of 139?
False
Does 70 divide 11480?
True
Does 40 divide 34320?
True
Is 27 a multiple of 27?
True
Is 22 a factor of 594?
True
Is 55 a factor of 3465?
True
Is 1682 a multiple of 6?
False
Is 1178 a multiple of 92?
False
Is 67077 a multiple of 9?
True
Does 18 divide 11124?
True
Does 81 divide 2486?
False
Is 2 a factor of 3911?
False
Is 536 a multiple of 8?
True
Is 8821 a multiple of 7?
False
Does 23 divide 4100?
False
Is 3 a factor of 21955?
False
Does 30 divide 16432?
False
Does 7 divide 2363?
False
Does 80 divide 2153?
False
Does 30 divide 247?
False
Does 25 divide 227?
False
Is 97197 a multiple of 208?
False
Is 20496 a multiple of 48?
True
Is 232 a multiple of 8?
True
Does 45 divide 7560?
True
Is 239 a factor of 24378?
True
Is 4 a factor of 5424?
True
Is 20562 a multiple of 33?
False
Is 30 a factor of 6270?
True
Is 16 a factor of 4221?
False
Does 59 divide 2537?
True
Is 34 a factor of 6460?
True
Is 19 a factor of 299?
False
Is 13837 a multiple of 101?
True
Is 124 a factor of 72313?
False
Is 55214 a multiple of 7?
False
Is 960 a multiple of 12?
True
Is 1298 a multiple of 36?
False
Is 27703 a multiple of 13?
True
Is 1065 even?
False
Does 42 divide 63420?
True
Is 11 a factor of 11770?
True
Is 2 a factor of 458?
True
Does 8 divide 14433?
False
Is 42 a factor of 15372?
True
Does 11 divide 5236?
True
Is 25 a factor of 850?
True
Is 130 a multiple of 5?
True
Is 27 a factor of 659?
False
Is 4396 a multiple of 7?
True
Is 11 a factor of 92851?
True
Is 120 a factor of 15360?
True
Does 292 divide 23527?
False
Is 3036 a multiple of 33?
True
Is 6 a multiple of 4?
False
Is 14 a factor of 1570?
False
Is 17 a factor of 284?
False
Is 9 a multiple of 2?
False
Is 20 a factor of 97295?
False
Is 11 a factor of 539?
True
Is 10 a factor of 2468?
False
Is 209 a factor of 7524?
True
Does 29 divide 15196?
True
Does 55 divide 13640?
True
Does 52 divide 523?
False
Is 3045 a multiple of 9?
False
Is 2023 a multiple of 38?
False
Does 19 divide 27683?
True
Is 2952 a multiple of 4?
True
Does 6 divide 22074?
True
Is 181 a multiple of 12?
False
Is 53 a factor of 5035?
True
Does 155 divide 7609?
False
Is 8 a multiple of 5?
False
Does 89 divide 50730?
True
Is 24 a factor of 7978?
False
Is 374 a factor of 29207?
False
Does 56 divide 31128?
False
Does 7 divide 1471?
False
Does 26 divide 4160?
True
Is 125 a multiple of 5?
True
Does 105 divide 105?
True
Is 9 a factor of 52453?
False
Does 15 divide 2196?
False
Is 6 a factor of 5148?
True
Does 55 divide 3513?
False
Does 168 divide 91043?
False
Is 43 a factor of 6450?
True
Does 9 divide 23988?
False
Does 13 divide 44346?
False
Does 35 divide 9091?
False
Is 2 a factor of 160?
True
Is 4512 a multiple of 4?
True
Does 64 divide 357?
False
Is 211 a factor of 27629?
False
Is 7 a factor of 17528?
True
Does 64 divide 9691?
False
Does 53 divide 3710?
True
Is 9312 a multiple of 97?
True
Is 5264 a multiple of 28?
True
Is 1036 a multiple of 7?
True
Does 46 divide 4646?
True
Does 10 divide 1175?
False
Does 39 divide 702?
True
Does 61 divide 1057?
False
Is 11 a factor of 1309?
True
Is 227 a multiple of 25?
False
Is 2284 a multiple of 4?
True
Does 163 divide 1310?
False
Is 46342 a multiple of 10?
False
Is 3 a factor of 84?
True
Does 26 divide 1248?
True
Does 120 divide 960?
True
Is 42 a factor of 294?
True
Does 52 divide 3992?
F